{"id":52,"date":"2025-11-27T01:13:27","date_gmt":"2025-11-27T01:13:27","guid":{"rendered":"https:\/\/luzzci.com.pt\/?page_id=52"},"modified":"2025-11-27T02:23:36","modified_gmt":"2025-11-27T02:23:36","slug":"home","status":"publish","type":"page","link":"https:\/\/luzzci.com.pt\/","title":{"rendered":"Home"},"content":{"rendered":"\n\n\n\n\nLUZZCI &#8211; Moda e Acess\u00f3rios Exclusivos\n\n\n\nDescubra uma cole\u00e7\u00e3o \u00fanica de moda e acess\u00f3rios que traz a ess\u00eancia da eleg\u00e2ncia contempor\u00e2nea e uma identidade aut\u00eantica, criada entre o Brasil e a Europa.\n\n\n\n\n\n\n\n\n\nSobre N\u00f3s\n\n\n\nSobre a LUZZCI\n\n\n\nA LUZZCI \u00e9 mais do que uma marca; \u00e9 uma experi\u00eancia que une o melhor da moda brasileira e europeia. Nossos valores incluem autenticidade, sofistica\u00e7\u00e3o e um compromisso com a qualidade.\n\n\n\n\nQualidade Premium\n\n\n\nDesign Exclusivo\n\n\n\nAtendimento Personalizado\n\n\n\nConex\u00e3o Internacional\n\n\n\n\n\n\n\n\n\n\n\n\n\n\n\n\n\n\nNosso Portf\u00f3lio\n\n\n\n\n\nExplore nossa cole\u00e7\u00e3o de trabalhos anteriores que mostram nossa expertise em moda e design.\n\n\n\n\n\nCole\u00e7\u00e3o de Primavera\/Ver\u00e3o 2026\n\n\n\n\n\nAutenticidade em pe\u00e7as em apenas um click!\n\n\n\n\n\nEvento de Lan\u00e7amento da Cole\u00e7\u00e3o\n\n\n\n\n\n\n\n\n\nServi\u00e7os\n\n\n\nNossos Servi\u00e7os\n\n\n\n\n\nOferecemos uma variedade de servi\u00e7os sofisticados, cada um projetado para enfatizar a beleza e a express\u00e3o individual de nossos clientes.\n\n\n\n\n\nReceba orienta\u00e7\u00e3o personalizada para construir um guarda-roupa que reflita sua ess\u00eancia e estilo \u00fanicos.\n\n\n\nProporcionamos imers\u00f5es \u00fanicas no universo do luxo, fazendo de cada compra um momento especial.\n\n\n\n\n\nDesenvolvemos pe\u00e7as sob medida que refletem suas prefer\u00eancias, garantindo uma experi\u00eancia de moda verdadeiramente exclusiva.\n\n\n\nOferecemos uma curadoria de acess\u00f3rios que complementam qualquer look, elevando sua express\u00e3o pessoal.\n\n\n\n\n\nOrganizamos eventos que promovem a eleg\u00e2ncia e a sofistica\u00e7\u00e3o, unindo amantes da moda para experi\u00eancias inesquec\u00edveis.\n\n\n\nApresentamos novas cole\u00e7\u00f5es a cada esta\u00e7\u00e3o, sempre com o foco em inova\u00e7\u00e3o e estilo.\n\n\n\n\n\n\n\n\n\n\n\n\n\n\n\n\n\nConhe\u00e7a Nossa Equipe\n\n\n\n\n\nOs talentos por tr\u00e1s da LUZZCI\n\n\n\n\n\n\n\n\n\n<figure class=\"wp-block-gallery has-nested-images columns-default is-cropped wp-block-gallery-1 is-layout-flex wp-block-gallery-is-layout-flex\">\n<figure class=\"wp-block-image size-large\"><img loading=\"lazy\" decoding=\"async\" width=\"505\" height=\"1024\" data-id=\"64\" src=\"https:\/\/luzzci.com.pt\/wp-content\/uploads\/2025\/11\/IMG_2253-505x1024.jpeg\" alt=\"\" class=\"wp-image-64\" srcset=\"https:\/\/luzzci.com.pt\/wp-content\/uploads\/2025\/11\/IMG_2253-505x1024.jpeg 505w, https:\/\/luzzci.com.pt\/wp-content\/uploads\/2025\/11\/IMG_2253-148x300.jpeg 148w, https:\/\/luzzci.com.pt\/wp-content\/uploads\/2025\/11\/IMG_2253-768x1556.jpeg 768w, https:\/\/luzzci.com.pt\/wp-content\/uploads\/2025\/11\/IMG_2253-758x1536.jpeg 758w, https:\/\/luzzci.com.pt\/wp-content\/uploads\/2025\/11\/IMG_2253-1011x2048.jpeg 1011w, https:\/\/luzzci.com.pt\/wp-content\/uploads\/2025\/11\/IMG_2253-600x1216.jpeg 600w, https:\/\/luzzci.com.pt\/wp-content\/uploads\/2025\/11\/IMG_2253.jpeg 1105w\" sizes=\"auto, (max-width: 505px) 100vw, 505px\" \/><\/figure>\n<\/figure>\n\n\n\n\n\nEstilista<br>Carlen Albuquerque\n\n\n\n\n\n\n\n\n\n\n\n\n\n\n\n\n\n\n\n\n\n\n\n<figure class=\"wp-block-image size-full\"><img loading=\"lazy\" decoding=\"async\" width=\"526\" height=\"489\" src=\"https:\/\/luzzci.com.pt\/wp-content\/uploads\/2025\/11\/IMG_2331.jpeg\" alt=\"\" class=\"wp-image-65\" srcset=\"https:\/\/luzzci.com.pt\/wp-content\/uploads\/2025\/11\/IMG_2331.jpeg 526w, https:\/\/luzzci.com.pt\/wp-content\/uploads\/2025\/11\/IMG_2331-300x279.jpeg 300w\" sizes=\"auto, (max-width: 526px) 100vw, 526px\" \/><\/figure>\n\n\n\n\n\nCuradoria de estilo\n\n\n\nAna P Gomes\n\n\n\n\n\n\n\n\n\n\n\n\n\n\n\n\n\n\n\n\n\n\n\nAproveite Ofertas Exclusivas\n\n\n\nDescubra Promo\u00e7\u00f5es Imperd\u00edveis\n\n\n\n\n\n\n\n\n\n\n\nDepoimentos de Clientes Satisfeitos\n\n\n\nO que nossos clientes est\u00e3o dizendo\n\n\n\n\n\nVeja como a LUZZCI impactou a vida de nossos clientes atrav\u00e9s de hist\u00f3rias reais de estilo e sofistica\u00e7\u00e3o.\n\n\n\n\n<p [object NamedNodeMap]>&#8220;A LUZZCI transformou completamente meu guarda-roupa! As pe\u00e7as s\u00e3o de qualidade excepcional e \u00fanicas!&#8221;<\/p>\n\n\n\n<p [object NamedNodeMap]>&#8220;Eu amo como cada acess\u00f3rio da LUZZCI complementa meu estilo pessoal!&#8221;<\/p>\n\n\n\n<p [object NamedNodeMap]>&#8220;As consultorias de estilo s\u00e3o uma experi\u00eancia incr\u00edvel! Me senti especial e confiante!&#8221;<\/p>\n\n\n\n<p [object NamedNodeMap]>&#8220;Cada evento que participei organizado pela LUZZCI foi uma experi\u00eancia memor\u00e1vel!&#8221;<\/p>\n\n\n\n","protected":false},"excerpt":{"rendered":"","protected":false},"author":1,"featured_media":0,"parent":0,"menu_order":0,"comment_status":"closed","ping_status":"closed","template":"","meta":{"pagelayer_contact_templates":[],"_pagelayer_content":"","footnotes":""},"class_list":["post-52","page","type-page","status-publish","hentry"],"_links":{"self":[{"href":"https:\/\/luzzci.com.pt\/index.php?rest_route=\/wp\/v2\/pages\/52","targetHints":{"allow":["GET"]}}],"collection":[{"href":"https:\/\/luzzci.com.pt\/index.php?rest_route=\/wp\/v2\/pages"}],"about":[{"href":"https:\/\/luzzci.com.pt\/index.php?rest_route=\/wp\/v2\/types\/page"}],"author":[{"embeddable":true,"href":"https:\/\/luzzci.com.pt\/index.php?rest_route=\/wp\/v2\/users\/1"}],"replies":[{"embeddable":true,"href":"https:\/\/luzzci.com.pt\/index.php?rest_route=%2Fwp%2Fv2%2Fcomments&post=52"}],"version-history":[{"count":3,"href":"https:\/\/luzzci.com.pt\/index.php?rest_route=\/wp\/v2\/pages\/52\/revisions"}],"predecessor-version":[{"id":70,"href":"https:\/\/luzzci.com.pt\/index.php?rest_route=\/wp\/v2\/pages\/52\/revisions\/70"}],"wp:attachment":[{"href":"https:\/\/luzzci.com.pt\/index.php?rest_route=%2Fwp%2Fv2%2Fmedia&parent=52"}],"curies":[{"name":"wp","href":"https:\/\/api.w.org\/{rel}","templated":true}]}}